1757773?
False
Is 65704322 a multiple of 15?
False
Is 2 a factor of 37347842?
True
Does 15 divide 59280825?
True
Is 1080 a factor of 5101317477?
False
Is 153402044 a multiple of 4?
True
Is 452013848 a multiple of 6?
False
Does 3058 divide 80732825?
False
Is 527636733 a multiple of 19?
False
Does 157 divide 54511618?
False
Does 414 divide 1113567264?
True
Is 47214115 a multiple of 13?
True
Is 58 a factor of 7182018780?
True
Is 27301890 a multiple of 35?
True
Does 5 divide 138297640?
True
Is 261 a factor of 240824439?
True
Is 22 a factor of 23765357?
False
Does 42 divide 13272837?
False
Is 1545 a factor of 678448125?
True
Does 13 divide 1147549328?
False
Is 90105813 a multiple of 435?
False
Is 27553845 a multiple of 33?
True
Does 11 divide 14389777?
False
Is 71410068 a multiple of 1607?
False
Is 9077648 a multiple of 17?
False
Is 235203272 a multiple of 1278?
False
Is 57085696 a multiple of 25?
False
Does 208 divide 27416070?
False
Is 79000775 a multiple of 2?
False
Does 6090 divide 785555190?
True
Is 3498923 a multiple of 17?
True
Is 1234707758 a multiple of 3082?
True
Is 24 a factor of 629192858?
False
Is 4174647 a multiple of 531?
False
Does 100 divide 79837567?
False
Is 1030 a factor of 1112348500?
True
Does 12 divide 1090660682?
False
Does 58 divide 998468946?
False
Is 1121948148 a multiple of 17?
False
Is 3 a factor of 3251613?
True
Is 11298790 a multiple of 166?
True
Is 69948396 a multiple of 2364?
True
Does 6 divide 3931062?
True
Is 9 a factor of 476740962?
True
Is 9 a factor of 12315249?
True
Does 13 divide 105431473?
False
Does 19 divide 1117088508?
True
Does 1168 divide 1958551567?
False
Does 14 divide 686066591?
False
Does 37 divide 2028121844?
False
Is 303 a factor of 333538158?
True
Does 1179 divide 1643328405?
False
Is 84 a factor of 42507040?
False
Does 225 divide 415481175?
True
Does 141 divide 61576110?
True
Does 1754 divide 810768960?
True
Does 508 divide 651573?
False
Does 4538 divide 430859905?
False
Is 64 a factor of 67443328?
True
Does 4291 divide 925474298?
True
Is 14132898 a multiple of 9?
True
Is 195585804 a multiple of 2841?
True
Is 7 a factor of 57503093?
False
Is 347010623 a multiple of 185?
False
Is 15 a factor of 139117410?
True
Is 79178080 a multiple of 470?
True
Is 15184200 a multiple of 600?
True
Is 921 a factor of 307833264?
False
Is 52448834 a multiple of 16?
False
Does 111 divide 7964125?
False
Is 197455735 a multiple of 7260?
False
Is 277303134 a multiple of 1035?
False
Does 55 divide 2196083?
False
Is 18688068 a multiple of 14?
True
Is 518 a factor of 253601922?
True
Is 29 a factor of 66275991?
True
Is 579989572 a multiple of 111?
False
Does 7 divide 22054148?
False
Is 6 a factor of 76844?
False
Is 34 a factor of 45356578?
True
Is 547 a factor of 154527496?
False
Is 372 a factor of 409488674?
False
Does 2770 divide 849185050?
True
Is 1820534029 a multiple of 19?
False
Is 185 a factor of 20969497?
False
Is 133 a factor of 110686989?
True
Is 804230544 a multiple of 24?
True
Is 66248022 a multiple of 57?
True
Is 93 a factor of 113604243?
True
Is 363 a factor of 209085459?
True
Does 154 divide 4792788?
True
Is 185671689 a multiple of 176?
False
Is 609337574 a multiple of 46?
True
Is 257 a factor of 62741667?
True
Is 48 a factor of 20023592?
False
Is 22 a factor of 906768522?
True
Is 2643 a factor of 1826998155?
False
Is 335706527 a multiple of 133?
False
Is 1094 a factor of 328769974?
True
Is 223 a factor of 204874114?
True
Is 153439540 a multiple of 14?
False
Is 55726118 a multiple of 64?
False
Is 11134918 a multiple of 191?
True
Does 2235 divide 1852923698?
False
Does 40 divide 15487810?
False
Is 3355287414 a multiple of 87?
True
Is 2657184 a multiple of 16?
True
Is 140 a factor of 54208015?
False
Does 39 divide 1114585280?
False
Is 59 a factor of 5605236?
True
Does 8 divide 65361450?
False
Is 236 a factor of 82318399?
False
Is 42 a factor of 83534808?
True
Is 226164293 a multiple of 60?
False
Is 19402595 a multiple of 34?
False
Does 2240 divide 35322560?
True
Is 16 a factor of 46948624?
True
Does 1076 divide 1348363576?
True
Does 2301 divide 2073973982?
False
Is 14 a factor of 27150536?
True
Is 20437500 a multiple of 12?
True
Does 55 divide 4892855?
True
Is 246548374 a multiple of 9?
False
Is 133 a factor of 24859163?
True
Is 185638635 a multiple of 65?
True
Is 30 a factor of 800300277?
False
Does 6 divide 218676858?
True
Is 210504528 a multiple of 4?
True
Does 5 divide 551976805?
True
Is 6630860 a multiple of 5?
True
Is 288 a factor of 1466476590?
False
Is 24112728 a multiple of 8?
True
Is 70055837 a multiple of 1369?
True
Is 10 a factor of 83749?
False
Is 16002080 a multiple of 80?
True
Is 1411 a factor of 148418857?
True
Is 10440791 a multiple of 23?
False
Is 76058763 a multiple of 11?
True
Does 23 divide 28284549?
True
Is 13 a factor of 10491832?
True
Is 98417132 a multiple of 44?
True
Does 115 divide 160718811?
False
Does 1189 divide 3258773139?
False
Is 430123463 a multiple of 270?
False
Is 2621 a factor of 97393739?
True
Is 10653161 a multiple of 3?
False
Is 77765730 a multiple of 70?
True
Does 14 divide 196061362?
True
Is 14 a factor of 725438196?
True
Does 220 divide 162982736?
False
Does 4255 divide 310201390?
False
Is 10853376 a multiple of 192?
True
Is 122656960 a multiple of 40?
True
Is 242264330 a multiple of 2695?
True
Does 390 divide 88529610?
True
Does 674 divide 20690432?
False
Is 55532458 a multiple of 9?
False
Is 286 a factor of 4102850567?
False
Is 729411007 a multiple of 35?
False
Does 179 divide 5617020?
True
Does 21 divide 337750635?
False
Is 4084169 a multiple of 87?
False
Does 11 divide 3933545?
True
Is 143469546 a multiple of 6?
True
Does 3185 divide 45379880?
True
Is 100 a factor of 640009300?
True
Does 9 divide 2404501398?
True
Is 12423492 a multiple of 443?
True
Is 41922735 a multiple of 4?
False
Is 3578 a factor of 463980057?
False
Does 117 divide 67772016?
True
Is 286 a factor of 12129942?
False
Is 1585412352 a multiple of 1728?
True
Is 10658214 a multiple of 42?
True
Is 52 a factor of 42154519?
False
Is 898 a factor of 192738433?
False
Does 1021 divide 135987482?
False
Is 450856320 a multiple of 760?
True
Does 7 divide 3270131092?
False
Is 143 a factor of 94032653?
True
Is 110913858 a multiple of 99?
True
Does 858 divide 758139954?
True
Does 39 divide 16484093?
False
Is 674660347 a multiple of 31?
True
Does 4957 divide 724782798?
True
Does 56 divide 742448?
True
Does 41 divide 113821014?
False
Is 7 a factor of 263126792?
False
Does 5212 divide 2361796952?
True
Is 14 a factor of 432370760?
False
Does 22 divide 71011597?
False
Does 256 divide 44064256?
True
Does 66 divide 154435644?
True
Is 381626234 a multiple of 1243?
False
Does 118 divide 441132970?
True
Does 19 divide 489542?
False
Is 415 a factor of 128091695?
False
Is 43 a factor of 3628226098?
False
Is 641557899 a multiple of 5139?
True
Is 1360856454 a multiple of 3017?
False
Does 69 divide 16336440?
True
Does 96 divide 619271?
False
Does 1641 divide 714350274?
True
Is 330 a factor of 67153957?
False
Does 3 divide 4049538?
True
Is 3 a factor of 153792423?
True
Is 105131800 a multiple of 118?
False
Is 17202076 a multiple of 3?
False
Is 1126040523 a multiple of 109?
True
Is 136411695 a multiple of 129?
True
Is 1227102781 a multiple of 12?
False
Is 2159867083 a multiple of 1654?
False
Does 7611 divide 1409409039?
False
Is 648 a factor of 4372504002?
False
Is 177 a factor of 601102486?
False
Does 433 divide 206693583?
False
Is 1221 a factor of 2883981505?
False
Does 1028 divide 623488168?
True
Is 3232 a factor of 68402323?
False
Is 70273083 a multiple of 487?
False
Is 17640000 a multiple of 1008?
True
Does 14 divide 363740711?
False
Is 4748526 a multiple of 331?
True
Is 10552022 a multiple of 941?
False
Does 1897 divide 7990306?
False
Is 12 a factor of 5340694668?
True
Is 451806262 a multiple of 217?
False
Is 222 a factor of 58046972?
False
Is 41534059 a multiple of 420?
False
Is 454291463 a multiple of 19?
True
Is 278184802 a multiple of 784?
False
Is 278860405 a multiple of 25?
False
Does 4 divide 36319072?
True
Does 10 divide 7015910?
True
Does 12 divide 105483597?
False
Does 16 divide 632199088?
True
Does 53 divide 46697580?
False
Is 85 a factor of 15918743?
False
Does 615 divide 23878605?
True
Does 4072 divide 1040